{"id":2375,"date":"2024-02-29T09:54:52","date_gmt":"2024-02-29T09:54:52","guid":{"rendered":"https:\/\/soderhamnseltjanst.se\/?page_id=2375"},"modified":"2024-02-29T11:07:12","modified_gmt":"2024-02-29T11:07:12","slug":"elcentral","status":"publish","type":"page","link":"https:\/\/soderhamnseltjanst.se\/?page_id=2375","title":{"rendered":"Installation av elcentral"},"content":{"rendered":"\t\t<div data-elementor-type=\"wp-page\" data-elementor-id=\"2375\" class=\"elementor elementor-2375\">\n\t\t\t\t\t\t<section class=\"elementor-section elementor-top-section elementor-element elementor-element-6034d48f elementor-section-boxed elementor-section-height-default elementor-section-height-default\" data-id=\"6034d48f\" data-element_type=\"section\">\n\t\t\t\t\t\t<div class=\"elementor-container elementor-column-gap-default\">\n\t\t\t\t\t<div class=\"elementor-column elementor-col-100 elementor-top-column elementor-element elementor-element-268f187d\" data-id=\"268f187d\" data-element_type=\"column\">\n\t\t\t<div class=\"elementor-widget-wrap elementor-element-populated\">\n\t\t\t\t\t\t<div class=\"elementor-element elementor-element-9325515 elementor-widget elementor-widget-text-editor\" data-id=\"9325515\" data-element_type=\"widget\" data-widget_type=\"text-editor.default\">\n\t\t\t\t<div class=\"elementor-widget-container\">\n\t\t\t\t\t\t\t\t\t<p><b>Installation av elcentral<\/b><\/p>\t\t\t\t\t\t\t\t<\/div>\n\t\t\t\t<\/div>\n\t\t\t\t\t<\/div>\n\t\t<\/div>\n\t\t\t\t\t<\/div>\n\t\t<\/section>\n\t\t\t\t<section class=\"elementor-section elementor-top-section elementor-element elementor-element-63b9b55a elementor-section-boxed elementor-section-height-default elementor-section-height-default\" data-id=\"63b9b55a\" data-element_type=\"section\">\n\t\t\t\t\t\t<div class=\"elementor-container elementor-column-gap-default\">\n\t\t\t\t\t<div class=\"elementor-column elementor-col-100 elementor-top-column elementor-element elementor-element-49046e31\" data-id=\"49046e31\" data-element_type=\"column\">\n\t\t\t<div class=\"elementor-widget-wrap\">\n\t\t\t\t\t\t\t<\/div>\n\t\t<\/div>\n\t\t\t\t\t<\/div>\n\t\t<\/section>\n\t\t\t\t<section class=\"elementor-section elementor-top-section elementor-element elementor-element-42532f97 elementor-section-boxed elementor-section-height-default elementor-section-height-default\" data-id=\"42532f97\" data-element_type=\"section\">\n\t\t\t\t\t\t<div class=\"elementor-container elementor-column-gap-default\">\n\t\t\t\t\t<div class=\"elementor-column elementor-col-100 elementor-top-column elementor-element elementor-element-2a3bf95b\" data-id=\"2a3bf95b\" data-element_type=\"column\">\n\t\t\t<div class=\"elementor-widget-wrap elementor-element-populated\">\n\t\t\t\t\t\t<section class=\"elementor-section elementor-inner-section elementor-element elementor-element-00d399f elementor-section-boxed elementor-section-height-default elementor-section-height-default\" data-id=\"00d399f\" data-element_type=\"section\">\n\t\t\t\t\t\t<div class=\"elementor-container elementor-column-gap-default\">\n\t\t\t\t\t<div class=\"elementor-column elementor-col-50 elementor-inner-column elementor-element elementor-element-49aaea0\" data-id=\"49aaea0\" data-element_type=\"column\">\n\t\t\t<div class=\"elementor-widget-wrap elementor-element-populated\">\n\t\t\t\t\t\t<div class=\"elementor-element elementor-element-1ee9654 elementor-widget elementor-widget-image\" data-id=\"1ee9654\" data-element_type=\"widget\" data-widget_type=\"image.default\">\n\t\t\t\t<div class=\"elementor-widget-container\">\n\t\t\t\t\t\t\t\t\t\t\t\t\t\t\t<img fetchpriority=\"high\" decoding=\"async\" width=\"498\" height=\"346\" src=\"https:\/\/soderhamnseltjanst.se\/wp-content\/uploads\/2024\/02\/Elcentral.png\" class=\"attachment-large size-large wp-image-2379\" alt=\"\" srcset=\"https:\/\/soderhamnseltjanst.se\/wp-content\/uploads\/2024\/02\/Elcentral.png 498w, https:\/\/soderhamnseltjanst.se\/wp-content\/uploads\/2024\/02\/Elcentral-300x208.png 300w\" sizes=\"(max-width: 498px) 100vw, 498px\" \/>\t\t\t\t\t\t\t\t\t\t\t\t\t\t\t<\/div>\n\t\t\t\t<\/div>\n\t\t\t\t\t<\/div>\n\t\t<\/div>\n\t\t\t\t<div class=\"elementor-column elementor-col-50 elementor-inner-column elementor-element elementor-element-73111bc\" data-id=\"73111bc\" data-element_type=\"column\">\n\t\t\t<div class=\"elementor-widget-wrap elementor-element-populated\">\n\t\t\t\t\t\t<div class=\"elementor-element elementor-element-322bdb1 elementor-widget elementor-widget-text-editor\" data-id=\"322bdb1\" data-element_type=\"widget\" data-widget_type=\"text-editor.default\">\n\t\t\t\t<div class=\"elementor-widget-container\">\n\t\t\t\t\t\t\t\t\t<p>Vi p\u00e5 S\u00f6derhamns Eltj\u00e4nst byter installerar varje \u00e5r m\u00e4ngder av elcentraler och jordfelsbrytare. Kanske vill du byta ut ditt gamla proppsk\u00e5p till till en modern central med jordfelsbrytare? Eller s\u00e5 bygger du just nu ditt nya hus och beh\u00f6ver en helt ny installation? Oavsett vilket, kan vi p\u00e5 S\u00f6derhamns Eltj\u00e4nst hj\u00e4lpa dig.<\/p><p>Byte av en elcentral f\u00e5r endast utf\u00f6ras av beh\u00f6riga elektriker, och sj\u00e4lvklart \u00e4r vi p\u00e5 S\u00f6derhamns Eltj\u00e4nst beh\u00f6riga. Om du har behov av en ny elcentral och \u00e4r bosatt i S\u00f6derhamn med omnejd, tveka d\u00e5 inte att boka ett byte eller nyinstallation h\u00e4r p\u00e5 v\u00e5r hemsida. Vi ser fram emot att hj\u00e4lpa dig!<\/p><p>\u00a0<\/p>\t\t\t\t\t\t\t\t<\/div>\n\t\t\t\t<\/div>\n\t\t\t\t\t<\/div>\n\t\t<\/div>\n\t\t\t\t\t<\/div>\n\t\t<\/section>\n\t\t\t\t<div class=\"elementor-element elementor-element-10bccf0 elementor-widget elementor-widget-spacer\" data-id=\"10bccf0\" data-element_type=\"widget\" data-widget_type=\"spacer.default\">\n\t\t\t\t<div class=\"elementor-widget-container\">\n\t\t\t\t\t\t\t<div class=\"elementor-spacer\">\n\t\t\t<div class=\"elementor-spacer-inner\"><\/div>\n\t\t<\/div>\n\t\t\t\t\t\t<\/div>\n\t\t\t\t<\/div>\n\t\t\t\t<div class=\"elementor-element elementor-element-c3313d5 elementor-widget-divider--view-line elementor-widget elementor-widget-divider\" data-id=\"c3313d5\" data-element_type=\"widget\" data-widget_type=\"divider.default\">\n\t\t\t\t<div class=\"elementor-widget-container\">\n\t\t\t\t\t\t\t<div class=\"elementor-divider\">\n\t\t\t<span class=\"elementor-divider-separator\">\n\t\t\t\t\t\t<\/span>\n\t\t<\/div>\n\t\t\t\t\t\t<\/div>\n\t\t\t\t<\/div>\n\t\t\t\t<div class=\"elementor-element elementor-element-a11972e elementor-widget elementor-widget-text-editor\" data-id=\"a11972e\" data-element_type=\"widget\" data-widget_type=\"text-editor.default\">\n\t\t\t\t<div class=\"elementor-widget-container\">\n\t\t\t\t\t\t\t\t\t<p><b>Produkter och tj\u00e4nster<\/b><\/p>\t\t\t\t\t\t\t\t<\/div>\n\t\t\t\t<\/div>\n\t\t\t\t<section class=\"elementor-section elementor-inner-section elementor-element elementor-element-813ece3 elementor-section-boxed elementor-section-height-default elementor-section-height-default\" data-id=\"813ece3\" data-element_type=\"section\">\n\t\t\t\t\t\t<div class=\"elementor-container elementor-column-gap-default\">\n\t\t\t\t\t<div class=\"elementor-column elementor-col-25 elementor-inner-column elementor-element elementor-element-00c185f\" data-id=\"00c185f\" data-element_type=\"column\">\n\t\t\t<div class=\"elementor-widget-wrap elementor-element-populated\">\n\t\t\t\t\t\t<div class=\"elementor-element elementor-element-51fff30 elementor-widget elementor-widget-image\" data-id=\"51fff30\" data-element_type=\"widget\" data-widget_type=\"image.default\">\n\t\t\t\t<div class=\"elementor-widget-container\">\n\t\t\t\t\t\t\t\t\t\t\t\t\t\t\t<img decoding=\"async\" width=\"172\" height=\"121\" src=\"https:\/\/soderhamnseltjanst.se\/wp-content\/uploads\/2024\/02\/6-eller-farre.png\" class=\"attachment-large size-large wp-image-2381\" alt=\"\" \/>\t\t\t\t\t\t\t\t\t\t\t\t\t\t\t<\/div>\n\t\t\t\t<\/div>\n\t\t\t\t\t<\/div>\n\t\t<\/div>\n\t\t\t\t<div class=\"elementor-column elementor-col-25 elementor-inner-column elementor-element elementor-element-faf5538\" data-id=\"faf5538\" data-element_type=\"column\">\n\t\t\t<div class=\"elementor-widget-wrap elementor-element-populated\">\n\t\t\t\t\t\t<div class=\"elementor-element elementor-element-dd8d801 elementor-widget elementor-widget-image\" data-id=\"dd8d801\" data-element_type=\"widget\" data-widget_type=\"image.default\">\n\t\t\t\t<div class=\"elementor-widget-container\">\n\t\t\t\t\t\t\t\t\t\t\t\t\t\t\t<img decoding=\"async\" width=\"181\" height=\"135\" src=\"https:\/\/soderhamnseltjanst.se\/wp-content\/uploads\/2024\/02\/7-till-19.png\" class=\"attachment-large size-large wp-image-2380\" alt=\"\" \/>\t\t\t\t\t\t\t\t\t\t\t\t\t\t\t<\/div>\n\t\t\t\t<\/div>\n\t\t\t\t\t<\/div>\n\t\t<\/div>\n\t\t\t\t<div class=\"elementor-column elementor-col-25 elementor-inner-column elementor-element elementor-element-f4faf6a\" data-id=\"f4faf6a\" data-element_type=\"column\">\n\t\t\t<div class=\"elementor-widget-wrap elementor-element-populated\">\n\t\t\t\t\t\t<div class=\"elementor-element elementor-element-9fac59c elementor-widget elementor-widget-image\" data-id=\"9fac59c\" data-element_type=\"widget\" data-widget_type=\"image.default\">\n\t\t\t\t<div class=\"elementor-widget-container\">\n\t\t\t\t\t\t\t\t\t\t\t\t\t\t\t<img loading=\"lazy\" decoding=\"async\" width=\"167\" height=\"142\" src=\"https:\/\/soderhamnseltjanst.se\/wp-content\/uploads\/2024\/02\/20-till-29.png\" class=\"attachment-large size-large wp-image-2382\" alt=\"\" \/>\t\t\t\t\t\t\t\t\t\t\t\t\t\t\t<\/div>\n\t\t\t\t<\/div>\n\t\t\t\t\t<\/div>\n\t\t<\/div>\n\t\t\t\t<div class=\"elementor-column elementor-col-25 elementor-inner-column elementor-element elementor-element-19ef180\" data-id=\"19ef180\" data-element_type=\"column\">\n\t\t\t<div class=\"elementor-widget-wrap elementor-element-populated\">\n\t\t\t\t\t\t<div class=\"elementor-element elementor-element-9843721 elementor-widget elementor-widget-image\" data-id=\"9843721\" data-element_type=\"widget\" data-widget_type=\"image.default\">\n\t\t\t\t<div class=\"elementor-widget-container\">\n\t\t\t\t\t\t\t\t\t\t\t\t\t\t\t<img loading=\"lazy\" decoding=\"async\" width=\"167\" height=\"142\" src=\"https:\/\/soderhamnseltjanst.se\/wp-content\/uploads\/2024\/02\/20-till-29.png\" class=\"attachment-large size-large wp-image-2382\" alt=\"\" \/>\t\t\t\t\t\t\t\t\t\t\t\t\t\t\t<\/div>\n\t\t\t\t<\/div>\n\t\t\t\t\t<\/div>\n\t\t<\/div>\n\t\t\t\t\t<\/div>\n\t\t<\/section>\n\t\t\t\t<section class=\"elementor-section elementor-inner-section elementor-element elementor-element-6ad0bab elementor-section-boxed elementor-section-height-default elementor-section-height-default\" data-id=\"6ad0bab\" data-element_type=\"section\">\n\t\t\t\t\t\t<div class=\"elementor-container elementor-column-gap-default\">\n\t\t\t\t\t<div class=\"elementor-column elementor-col-25 elementor-inner-column elementor-element elementor-element-e36632a\" data-id=\"e36632a\" data-element_type=\"column\">\n\t\t\t<div class=\"elementor-widget-wrap elementor-element-populated\">\n\t\t\t\t\t\t<div class=\"elementor-element elementor-element-aae2d93 elementor-widget elementor-widget-text-editor\" data-id=\"aae2d93\" data-element_type=\"widget\" data-widget_type=\"text-editor.default\">\n\t\t\t\t<div class=\"elementor-widget-container\">\n\t\t\t\t\t\t\t\t\t<p><b>6 St s\u00e4kringar eller f\u00e4rre<\/b><\/p><p>Installation av elcentral inneh\u00e5llande 6 st eller f\u00e4rre s\u00e4kringar. Priset \u00e4r efter ROT-Avdrag. Best\u00e4ll nedan.<\/p><p><b>Pris: 6 699 kr efter ROT<\/b><\/p><p><b>&#8212;&#8212;&#8212;&#8212;&#8212;&#8212;&#8212;&#8212;&#8212;&#8212;&#8212;&#8212;&#8212;&#8212;&#8211;<\/b><\/p>\t\t\t\t\t\t\t\t<\/div>\n\t\t\t\t<\/div>\n\t\t\t\t\t<\/div>\n\t\t<\/div>\n\t\t\t\t<div class=\"elementor-column elementor-col-25 elementor-inner-column elementor-element elementor-element-0edb0e1\" data-id=\"0edb0e1\" data-element_type=\"column\">\n\t\t\t<div class=\"elementor-widget-wrap elementor-element-populated\">\n\t\t\t\t\t\t<div class=\"elementor-element elementor-element-3df7ce9 elementor-widget elementor-widget-text-editor\" data-id=\"3df7ce9\" data-element_type=\"widget\" data-widget_type=\"text-editor.default\">\n\t\t\t\t<div class=\"elementor-widget-container\">\n\t\t\t\t\t\t\t\t\t<p><b>7 till 19 st s\u00e4kringar<\/b><span style=\"font-size: 15px; font-style: normal; font-weight: 400;\"><br \/><\/span><\/p><p><span style=\"font-size: 15px; font-style: normal; font-weight: 400;\">Installation av elcentral inneh\u00e5llande\u00a0 7 till 19 s\u00e4kringar. Priset \u00e4r efter ROT-Avdrag. Best\u00e4ll nedan.<\/span><\/p><p><b>Pris: 9 899 kr efter ROT<\/b><span style=\"font-size: 15px; font-style: normal; font-weight: 400;\"><br \/><\/span><\/p><p><b>&#8212;&#8212;&#8212;&#8212;&#8212;&#8212;&#8212;&#8212;&#8212;&#8212;&#8212;&#8212;&#8212;&#8212;&#8212;<\/b><\/p>\t\t\t\t\t\t\t\t<\/div>\n\t\t\t\t<\/div>\n\t\t\t\t\t<\/div>\n\t\t<\/div>\n\t\t\t\t<div class=\"elementor-column elementor-col-25 elementor-inner-column elementor-element elementor-element-0f1b32d\" data-id=\"0f1b32d\" data-element_type=\"column\">\n\t\t\t<div class=\"elementor-widget-wrap elementor-element-populated\">\n\t\t\t\t\t\t<div class=\"elementor-element elementor-element-4f79b44 elementor-widget elementor-widget-text-editor\" data-id=\"4f79b44\" data-element_type=\"widget\" data-widget_type=\"text-editor.default\">\n\t\t\t\t<div class=\"elementor-widget-container\">\n\t\t\t\t\t\t\t\t\t<p><b>20 till 29 st s\u00e4kringar<\/b><span style=\"font-size: 15px; font-style: normal; font-weight: 400;\"><br \/><\/span><\/p><p><span style=\"font-size: 15px; font-style: normal; font-weight: 400;\">Installation av elcentral inneh\u00e5llande 20 till 29 s\u00e4kringar. Priset \u00e4r efter ROT-Avdrag. Best\u00e4ll nedan.<\/span><\/p><p><b>Pris: 13 799 kr efter ROT<\/b><span style=\"font-size: 15px; font-style: normal; font-weight: 400;\"><br \/><\/span><\/p><p><b>&#8212;&#8212;&#8212;&#8212;&#8212;&#8212;&#8212;&#8212;&#8212;&#8212;&#8212;&#8212;&#8212;&#8212;&#8212;<\/b><\/p>\t\t\t\t\t\t\t\t<\/div>\n\t\t\t\t<\/div>\n\t\t\t\t\t<\/div>\n\t\t<\/div>\n\t\t\t\t<div class=\"elementor-column elementor-col-25 elementor-inner-column elementor-element elementor-element-bdb5dc3\" data-id=\"bdb5dc3\" data-element_type=\"column\">\n\t\t\t<div class=\"elementor-widget-wrap elementor-element-populated\">\n\t\t\t\t\t\t<div class=\"elementor-element elementor-element-02d8da0 elementor-widget elementor-widget-text-editor\" data-id=\"02d8da0\" data-element_type=\"widget\" data-widget_type=\"text-editor.default\">\n\t\t\t\t<div class=\"elementor-widget-container\">\n\t\t\t\t\t\t\t\t\t<p><b>30 st eller fler s\u00e4kringar<\/b><\/p><p>Installation av elcentral inneh\u00e5llande 30 st eller fler s\u00e4kringar. Priset \u00e4r efter ROT-Avdrag. Best\u00e4ll nedan.<\/p><p><b>Pris: Ring oss f\u00f6r offert<\/b><\/p><p><b>&#8212;&#8212;&#8212;&#8212;&#8212;&#8212;&#8212;&#8212;&#8212;&#8212;&#8212;&#8212;&#8212;&#8212;&#8211;<\/b><\/p>\t\t\t\t\t\t\t\t<\/div>\n\t\t\t\t<\/div>\n\t\t\t\t\t<\/div>\n\t\t<\/div>\n\t\t\t\t\t<\/div>\n\t\t<\/section>\n\t\t\t\t<div class=\"elementor-element elementor-element-74a4c98 elementor-widget elementor-widget-spacer\" data-id=\"74a4c98\" data-element_type=\"widget\" data-widget_type=\"spacer.default\">\n\t\t\t\t<div class=\"elementor-widget-container\">\n\t\t\t\t\t\t\t<div class=\"elementor-spacer\">\n\t\t\t<div class=\"elementor-spacer-inner\"><\/div>\n\t\t<\/div>\n\t\t\t\t\t\t<\/div>\n\t\t\t\t<\/div>\n\t\t\t\t<div class=\"elementor-element elementor-element-884567f elementor-widget-divider--view-line elementor-widget elementor-widget-divider\" data-id=\"884567f\" data-element_type=\"widget\" data-widget_type=\"divider.default\">\n\t\t\t\t<div class=\"elementor-widget-container\">\n\t\t\t\t\t\t\t<div class=\"elementor-divider\">\n\t\t\t<span class=\"elementor-divider-separator\">\n\t\t\t\t\t\t<\/span>\n\t\t<\/div>\n\t\t\t\t\t\t<\/div>\n\t\t\t\t<\/div>\n\t\t\t\t<div class=\"elementor-element elementor-element-19dbe59 elementor-widget elementor-widget-text-editor\" data-id=\"19dbe59\" data-element_type=\"widget\" data-widget_type=\"text-editor.default\">\n\t\t\t\t<div class=\"elementor-widget-container\">\n\t\t\t\t\t\t\t\t\t<p><b>Best\u00e4ll din installation nedan<\/b><\/p>\t\t\t\t\t\t\t\t<\/div>\n\t\t\t\t<\/div>\n\t\t\t\t<div class=\"elementor-element elementor-element-9e0a162 elementor-widget elementor-widget-wpforms\" data-id=\"9e0a162\" data-element_type=\"widget\" data-widget_type=\"wpforms.default\">\n\t\t\t\t<div class=\"elementor-widget-container\">\n\t\t\t\t\t<div class=\"wpforms-container \" id=\"wpforms-2391\"><form id=\"wpforms-form-2391\" class=\"wpforms-validate wpforms-form wpforms-ajax-form\" data-formid=\"2391\" method=\"post\" enctype=\"multipart\/form-data\" action=\"\/index.php?rest_route=%2Fwp%2Fv2%2Fpages%2F2375\" data-token=\"48f482cc2899e77f1dbba1c243b06fb3\" data-token-time=\"1777022202\"><noscript class=\"wpforms-error-noscript\">Please enable JavaScript in your browser to complete this form.<\/noscript><div class=\"wpforms-field-container\"><div id=\"wpforms-2391-field_1-container\" class=\"wpforms-field wpforms-field-text\" data-field-id=\"1\"><label class=\"wpforms-field-label\" for=\"wpforms-2391-field_1\">Namn<\/label><input type=\"text\" id=\"wpforms-2391-field_1\" class=\"wpforms-field-medium\" name=\"wpforms[fields][1]\" ><\/div><div id=\"wpforms-2391-field_2-container\" class=\"wpforms-field wpforms-field-text\" data-field-id=\"2\"><label class=\"wpforms-field-label\" for=\"wpforms-2391-field_2\">Gatuadress<\/label><input type=\"text\" id=\"wpforms-2391-field_2\" class=\"wpforms-field-medium\" name=\"wpforms[fields][2]\" ><\/div><div id=\"wpforms-2391-field_8-container\" class=\"wpforms-field wpforms-field-text\" data-field-id=\"8\"><label class=\"wpforms-field-label\" for=\"wpforms-2391-field_8\">Postnummer och Postort<\/label><input type=\"text\" id=\"wpforms-2391-field_8\" class=\"wpforms-field-medium\" name=\"wpforms[fields][8]\" ><\/div><div id=\"wpforms-2391-field_3-container\" class=\"wpforms-field wpforms-field-text\" data-field-id=\"3\"><label class=\"wpforms-field-label\" for=\"wpforms-2391-field_3\">Telefonnummer<\/label><input type=\"text\" id=\"wpforms-2391-field_3\" class=\"wpforms-field-medium\" name=\"wpforms[fields][3]\" ><\/div><div id=\"wpforms-2391-field_7-container\" class=\"wpforms-field wpforms-field-email\" data-field-id=\"7\"><label class=\"wpforms-field-label\" for=\"wpforms-2391-field_7\">Email <span class=\"wpforms-required-label\">*<\/span><\/label><input type=\"email\" id=\"wpforms-2391-field_7\" class=\"wpforms-field-medium wpforms-field-required\" name=\"wpforms[fields][7]\" spellcheck=\"false\" required><\/div><div id=\"wpforms-2391-field_6-container\" class=\"wpforms-field wpforms-field-select wpforms-field-select-style-classic\" data-field-id=\"6\"><label class=\"wpforms-field-label\" for=\"wpforms-2391-field_6\">Produkter och alternativ<\/label><select id=\"wpforms-2391-field_6\" class=\"wpforms-field-medium\" name=\"wpforms[fields][6]\"><option value=\"6 st s\u00e4kringar eller f\u00e4rre | 6 699 kr\"  class=\"choice-1 depth-1\"  >6 st s\u00e4kringar eller f\u00e4rre | 6 699 kr<\/option><option value=\"7 till 19 st s\u00e4kringar | 9 899 kr\"  class=\"choice-5 depth-1\"  >7 till 19 st s\u00e4kringar | 9 899 kr<\/option><option value=\"20 till 29 st s\u00e4kringar | 13 799 kr\"  class=\"choice-4 depth-1\"  >20 till 29 st s\u00e4kringar | 13 799 kr<\/option><option value=\"30 st eller fler s\u00e4kringar | Jag vill ha offert\"  class=\"choice-6 depth-1\"  >30 st eller fler s\u00e4kringar | Jag vill ha offert<\/option><\/select><\/div><\/div><!-- .wpforms-field-container --><div class=\"wpforms-submit-container\" ><input type=\"hidden\" name=\"wpforms[id]\" value=\"2391\"><input type=\"hidden\" name=\"page_title\" value=\"\"><input type=\"hidden\" name=\"page_url\" value=\"https:\/\/soderhamnseltjanst.se\/index.php?rest_route=\/wp\/v2\/pages\/2375\"><input type=\"hidden\" name=\"url_referer\" value=\"\"><button type=\"submit\" name=\"wpforms[submit]\" id=\"wpforms-submit-2391\" class=\"wpforms-submit\" data-alt-text=\"Sending...\" data-submit-text=\"Submit\" aria-live=\"assertive\" value=\"wpforms-submit\">Submit<\/button><img loading=\"lazy\" decoding=\"async\" src=\"https:\/\/soderhamnseltjanst.se\/wp-content\/plugins\/wpforms-lite\/assets\/images\/submit-spin.svg\" class=\"wpforms-submit-spinner\" style=\"display: none;\" width=\"26\" height=\"26\" alt=\"Loading\"><\/div><\/form><\/div>  <!-- .wpforms-container -->\t\t\t\t<\/div>\n\t\t\t\t<\/div>\n\t\t\t\t\t<\/div>\n\t\t<\/div>\n\t\t\t\t\t<\/div>\n\t\t<\/section>\n\t\t\t\t<\/div>\n\t\t","protected":false},"excerpt":{"rendered":"<p>Installation av elcentral Vi p\u00e5 S\u00f6derhamns Eltj\u00e4nst byter installerar varje \u00e5r m\u00e4ngder av elcentraler och jordfelsbrytare. Kanske vill du byta ut ditt gamla proppsk\u00e5p till till en modern central med jordfelsbrytare? Eller s\u00e5 bygger du just nu ditt nya hus och beh\u00f6ver en helt ny installation? Oavsett vilket, kan vi p\u00e5 S\u00f6derhamns Eltj\u00e4nst hj\u00e4lpa dig. &hellip;<\/p>\n<p class=\"read-more\"> <a class=\"\" href=\"https:\/\/soderhamnseltjanst.se\/?page_id=2375\"> <span class=\"screen-reader-text\">Installation av elcentral<\/span> Read More &raquo;<\/a><\/p>\n","protected":false},"author":1,"featured_media":0,"parent":0,"menu_order":0,"comment_status":"closed","ping_status":"closed","template":"","meta":{"_seopress_robots_primary_cat":"","_seopress_titles_title":"Elcentral | Best\u00e4ll installation | S\u00f6derhamns Eltj\u00e4nst","_seopress_titles_desc":"Best\u00e4ll din nya elcentral online med installation | S\u00f6derhamns Eltj\u00e4nst | Din elektriker i H\u00e4lsingland","_seopress_robots_index":"","_uag_custom_page_level_css":"","site-sidebar-layout":"no-sidebar","site-content-layout":"page-builder","ast-global-header-display":"","ast-main-header-display":"","ast-hfb-above-header-display":"","ast-hfb-below-header-display":"","ast-hfb-mobile-header-display":"","site-post-title":"disabled","ast-breadcrumbs-content":"","ast-featured-img":"disabled","footer-sml-layout":"","theme-transparent-header-meta":"","adv-header-id-meta":"","stick-header-meta":"","header-above-stick-meta":"","header-main-stick-meta":"","header-below-stick-meta":"","footnotes":""},"class_list":["post-2375","page","type-page","status-publish","hentry"],"uagb_featured_image_src":{"full":false,"thumbnail":false,"medium":false,"medium_large":false,"large":false,"1536x1536":false,"2048x2048":false},"uagb_author_info":{"display_name":"jonix89","author_link":"https:\/\/soderhamnseltjanst.se\/?author=1"},"uagb_comment_info":0,"uagb_excerpt":"Installation av elcentral Vi p\u00e5 S\u00f6derhamns Eltj\u00e4nst byter installerar varje \u00e5r m\u00e4ngder av elcentraler och jordfelsbrytare. Kanske vill du byta ut ditt gamla proppsk\u00e5p till till en modern central med jordfelsbrytare? Eller s\u00e5 bygger du just nu ditt nya hus och beh\u00f6ver en helt ny installation? Oavsett vilket, kan vi p\u00e5 S\u00f6derhamns Eltj\u00e4nst hj\u00e4lpa dig.&hellip;","_links":{"self":[{"href":"https:\/\/soderhamnseltjanst.se\/index.php?rest_route=\/wp\/v2\/pages\/2375","targetHints":{"allow":["GET"]}}],"collection":[{"href":"https:\/\/soderhamnseltjanst.se\/index.php?rest_route=\/wp\/v2\/pages"}],"about":[{"href":"https:\/\/soderhamnseltjanst.se\/index.php?rest_route=\/wp\/v2\/types\/page"}],"author":[{"embeddable":true,"href":"https:\/\/soderhamnseltjanst.se\/index.php?rest_route=\/wp\/v2\/users\/1"}],"replies":[{"embeddable":true,"href":"https:\/\/soderhamnseltjanst.se\/index.php?rest_route=%2Fwp%2Fv2%2Fcomments&post=2375"}],"version-history":[{"count":30,"href":"https:\/\/soderhamnseltjanst.se\/index.php?rest_route=\/wp\/v2\/pages\/2375\/revisions"}],"predecessor-version":[{"id":2419,"href":"https:\/\/soderhamnseltjanst.se\/index.php?rest_route=\/wp\/v2\/pages\/2375\/revisions\/2419"}],"wp:attachment":[{"href":"https:\/\/soderhamnseltjanst.se\/index.php?rest_route=%2Fwp%2Fv2%2Fmedia&parent=2375"}],"curies":[{"name":"wp","href":"https:\/\/api.w.org\/{rel}","templated":true}]}}